7
Calculate the remainder when 167645 is divided by 31.
28
What is the remainder when 56886 is divided by 58?
46
What is the remainder when 20145 is divided by 73?
70
Calculate the remainder when 120345 is divided by 1019.
103
What is the remainder when 298539 is divided by 148?
23
Calculate the remainder when 64827 is divided by 7200.
27
Calculate the remainder when 33889 is divided by 16935.
19
Calculate the remainder when 9737 is divided by 675.
287
Calculate the remainder when 255 is divided by 241.
14
Calculate the remainder when 132562 is divided by 26511.
7
What is the remainder when 520 is divided by 7?
2
What is the remainder when 597 is divided by 288?
21
Calculate the remainder when 8885 is divided by 17.
11
What is the remainder when 265 is divided by 30?
25
Calculate the remainder when 351700 is divided by 329.
328
What is the remainder when 24557 is divided by 1692?
869
What is the remainder when 115548 is divided by 947?
14
Calculate the remainder when 2375 is divided by 198.
197
Calculate the remainder when 10622 is divided by 125.
122
What is the remainder when 135872 is divided by 11322?
8
What is the remainder when 20771 is divided by 10346?
79
Calculate the remainder when 96817 is divided by 99.
94
Calculate the remainder when 699 is divided by 130.
49
Calculate the remainder when 4063 is divided by 21.
10
What is the remainder when 52993 is divided by 26450?
93
What is the remainder when 83092 is divided by 15?
7
Calculate the remainder when 179557 is divided by 528.
37
What is the remainder when 206171 is divided by 181?
12
What is the remainder when 154240 is divided by 17?
16
What is the remainder when 87182 is divided by 28?
18
Calculate the remainder when 98003 is divided by 9794.
63
What is the remainder when 3438 is divided by 19?
18
What is the remainder when 142273 is divided by 47418?
19
What is the remainder when 15414 is divided by 300?
114
What is the remainder when 64215 is divided by 462?
459
Calculate the remainder when 155203 is divided by 130.
113
What is the remainder when 1679452 is divided by 559815?
7
What is the remainder when 35649 is divided by 266?
5
What is the remainder when 8725 is divided by 126?
31
What is the remainder when 2272354 is divided by 18?
16
What is the remainder when 4218 is divided by 235?
223
Calculate the remainder when 110902 is divided by 466.
460
Calculate the remainder when 279126 is divided by 57.
54
What is the remainder when 64091 is divided by 146?
143
Calculate the remainder when 2308 is divided by 33.
31
What is the remainder when 2040 is divided by 131?
75
What is the remainder when 1663 is divided by 831?
1
Calculate the remainder when 10875 is divided by 281.
197
Calculate the remainder when 195766 is divided by 833.
11
What is the remainder when 16635 is divided by 1279?
8
What is the remainder when 55291 is divided by 34?
7
What is the remainder when 140 is divided by 91?
49
What is the remainder when 6081 is divided by 287?
54
Calculate the remainder when 255189 is divided by 755.
754
Calculate the remainder when 1184 is divided by 1086.
98
Calculate the remainder when 554754 is divided by 304.
258
What is the remainder when 14860 is divided by 286?
274
What is the remainder when 182191 is divided by 472?
471
Calculate the remainder when 33311 is divided by 245.
236
What is the remainder when 953278 is divided by 735?
718
What is the remainder when 328963 is divided by 109654?
1
Calculate the remainder when 11913 is divided by 87.
81
What is the remainder when 454 is divided by 445?
9
What is the remainder when 15079 is divided by 7528?
23
Calculate the remainder when 26551 is divided by 2950.
1
Calculate the remainder when 62517 is divided by 448.
245
Calculate the remainder when 177432 is divided by 32.
24
What is the remainder when 1977 is divided by 227?
161
What is the remainder when 672958 is divided by 16?
14
Calculate the remainder when 16723 is divided by 5573.
4
What is the remainder when 56349 is divided by 101?
92
Calculate the remainder when 779 is divided by 760.
19
What is the remainder when 7304 is divided by 840?
584
What is the remainder when 43120 is divided by 14218?
466
Calculate the remainder when 378622 is divided by 67.
5
Calculate the remainder when 4344 is divided by 190.
164
What is the remainder when 354644 is divided by 555?
554
What is the remainder when 9191 is divided by 844?
751
What is the remainder when 34629 is divided by 389?
8
What is the remainder when 11565 is divided by 2890?
5
Calculate the remainder when 321980 is divided by 78.
74
What is the remainder when 1702 is divided by 540?
82
Calculate the remainder when 127461 is divided by 67.
27
Calculate the remainder when 150173 is divided by 75.
23
Calculate the remainder when 86343 is divided by 43.
42
What is the remainder when 26192 is divided by 587?
364
Calculate the remainder when 61463 is divided by 723.
8
What is the remainder when 590 is divided by 38?
20
What is the remainder when 12845 is divided by 3210?
5
Calculate the remainder when 35706 is divided by 90.
66
Calculate the remainder when 22636 is divided by 22.
20
Calculate the remainder when 1292 is divided by 462.
368
What is the remainder when 4124 is divided by 3637?
487
Calculate the remainder when 1507 is divided by 762.
745
What is the remainder when 23334 is divided by 424?
14
What is the remainder when 2390 is divided by 124?
34
Calculate the remainder when 833437 is divided by 102.
97
Calculate the remainder when 24374 is divided by 1665.
1064
What is the remainder when 11404 is divided by 381?
355
Calculate the remainder when 365 is divided by 114.
23
What is the remainder when 10088 is divided by 1998?
98
Calculate the remainder when 11417 is divided by 92.
9
What is the remainder when 4693 is divided by 4685?
8
What is the remainder when 27961 is divided by 3993?
10
Calculate the remainder when 37531 is divided by 184.
179
Calculate the remainder when 10195 is divided by 405.
70
Calculate the remainder when 22836 is divided by 240.
36
What is the remainder when 74210 is divided by 185?
25
Calculate the remainder when 173675 is divided by 13.
8
What is the remainder when 598574 is divided by 418?
416
What is the remainder when 117989 is divided by 79?
42
Calculate the remainder when 2399 is divided by 50.
49
What is the remainder when 2280 is divided by 521?
196
Calculate the remainder when 26289 is divided by 6564.
33
Calculate the remainder when 239334 is divided by 106.
92
What is the remainder when 1696262 is divided by 344?
342
Calculate the remainder when 7463 is divided by 1857.
35
What is the remainder when 26752 is divided by 8890?
82
What is the remainder when 51346 is divided by 279?
10
What is the remainder when 2277 is divided by 729?
90
Calculate the remainder when 1660 is divided by 62.
48
Calculate the remainder when 39424 is divided by 12.
4
Calculate the remainder when 3984 is divided by 129.
114
What is the remainder when 164 is divided by 134?
30
What is the remainder when 43720 is divided by 2571?
13
What is the remainder when 1727688 is divided by 985?
983
What is the remainder when 23859 is divided by 1591?
1585
What is the remainder when 82087 is divided by 131?
81
What is the remainder when 3456598 is divided by 23?
20
What is the remainder when 393475 is divided by 38?
23
Calculate the remainder when 6461080 is divided by 9.
7
What is the remainder when 125659 is divided by 244?
243
Calculate the remainder when 226 is divided by 3.
1
Calculate the remainder when 19121 is divided by 534.
431
Calculate the remainder when 8806 is divided by 4273.
260
What is the remainder when 331949 is divided by 29?
15
What is the remainder when 2734 is divided by 1020?
694
What is the remainder when 19818 is divided by 347?
39
What is the remainder when 19302 is divided by 19258?
44
What is the remainder when 433 is divided by 363?
70
Calculate the remainder when 1271 is divided by 852.
419
Calculate the remainder when 58211 is divided by 60.
11
What is the remainder when 320000 is divided by 51?
26
Calculate the remainder when 663335 is divided by 249.
248
What is the remainder when 5469 is divided by 5449?
20
What is the remainder when 45574 is divided by 6?
4
What is the remaind